{"id":2360,"date":"2015-11-08T18:27:51","date_gmt":"2015-11-08T17:27:51","guid":{"rendered":"http:\/\/www.atlanticharpduo.com\/fr\/?page_id=2360"},"modified":"2015-11-08T18:27:51","modified_gmt":"2015-11-08T17:27:51","slug":"musique-francaise","status":"publish","type":"page","link":"https:\/\/atlanticharpduo.com\/fr\/programmes\/musique-francaise\/","title":{"rendered":"Musique fran\u00e7aise"},"content":{"rendered":"<div class='one_half'>\n\t\t\t\t\t<p>Bas\u00e9 \u00e0 Paris, source in\u00e9puisable d\u2019inspiration artistique, et berceau de la harpe moderne, l\u2019Atlantic Harp Duo a construit son premier programme autour de la musique fran\u00e7aise. Les traditions de cette musique se pr\u00eatent particuli\u00e8rement bien \u00e0 l\u2019\u00e9panouissement sonore de deux harpes, avec toutes les couleurs que cette combinaison rend possible. Ce programme, qui est un m\u00e9lange d\u2019oeuvres originales pour deux harpes ainsi que de transcriptions astucieuses des grandes classiques du r\u00e9pertoire nationale, donne un avant-go\u00fbt \u00e0 l\u2019atmosph\u00e8re de la France des 19e et 20e si\u00e8cles.<\/p>\n\t\t\t\t<\/div>\n<div class='one_half last'>\n\t\t\t\t\t<img loading=\"lazy\" class=\"alignnone size-full wp-image-1058\" alt=\"french-music\" src=\"http:\/\/www.atlanticharpduo.com\/wp-content\/uploads\/2013\/09\/french-music.png\" width=\"400\" height=\"250\" srcset=\"https:\/\/atlanticharpduo.com\/wp-content\/uploads\/2013\/09\/french-music.png 400w, https:\/\/atlanticharpduo.com\/wp-content\/uploads\/2013\/09\/french-music-300x187.png 300w\" sizes=\"(max-width: 400px) 100vw, 400px\" \/>\n\t\t\t\t<\/div><div class='clear'><\/div>\n<h1>Programme<\/h1>\n<h4>Bernard Andr\u00e8s (b. 1941)<\/h4>\n<ul>\n<li>Le jardin des paons<\/li>\n<li>Parvis; cort\u00e8ge et danse<\/li>\n<li>Ragazza<\/li>\n<\/ul>\n<h4>Jean-Michel Damase (1928 &#8211; 2013)<\/h4>\n<ul>\n<li>Sonatine, pour deux harpes<\/li>\n<\/ul>\n<h4>Claude Debussy (1862-1918)<\/h4>\n<ul>\n<li>Six \u00e9pigraphs antiques, (arr. Elisabeth Colard et l&rsquo;Atlantic Harp Duo)<\/li>\n<\/ul>\n<h4>C\u00e9sar Franck (1822-1890)<\/h4>\n<ul>\n<li>Pr\u00e9lude, fugue et variation, Op. 18, (arr. Atlantic Harp Duo)<\/li>\n<\/ul>\n<h4>Anthony Girard (b. 1959)<\/h4>\n<ul>\n<li>Silences c\u00e9lestes<\/li>\n<\/ul>\n<h4>Maurice Ravel (1875-1937)<\/h4>\n<ul>\n<li>Ma m\u00e8re l&rsquo;oye<\/li>\n<\/ul>\n<h4>Marcel Tournier (1879-1951)<\/h4>\n<ul>\n<li>Quatre pr\u00e9ludes<\/li>\n<\/ul>\n","protected":false},"excerpt":{"rendered":"<p>Programme Bernard Andr\u00e8s (b. 1941) Le jardin des paons Parvis; cort\u00e8ge et danse Ragazza Jean-Michel Damase (1928 &#8211; 2013) Sonatine, pour deux harpes Claude Debussy (1862-1918) Six \u00e9pigraphs antiques, (arr. Elisabeth Colard et l&rsquo;Atlantic Harp Duo) C\u00e9sar Franck (1822-1890) Pr\u00e9lude, fugue et variation, Op. 18, (arr. Atlantic Harp Duo) Anthony Girard (b. 1959) Silences c\u00e9lestes [&hellip;]<\/p>\n","protected":false},"author":2,"featured_media":0,"parent":2351,"menu_order":0,"comment_status":"closed","ping_status":"closed","template":"page-full.php","meta":[],"_links":{"self":[{"href":"https:\/\/atlanticharpduo.com\/fr\/wp-json\/wp\/v2\/pages\/2360"}],"collection":[{"href":"https:\/\/atlanticharpduo.com\/fr\/wp-json\/wp\/v2\/pages"}],"about":[{"href":"https:\/\/atlanticharpduo.com\/fr\/wp-json\/wp\/v2\/types\/page"}],"author":[{"embeddable":true,"href":"https:\/\/atlanticharpduo.com\/fr\/wp-json\/wp\/v2\/users\/2"}],"replies":[{"embeddable":true,"href":"https:\/\/atlanticharpduo.com\/fr\/wp-json\/wp\/v2\/comments?post=2360"}],"version-history":[{"count":1,"href":"https:\/\/atlanticharpduo.com\/fr\/wp-json\/wp\/v2\/pages\/2360\/revisions"}],"predecessor-version":[{"id":2361,"href":"https:\/\/atlanticharpduo.com\/fr\/wp-json\/wp\/v2\/pages\/2360\/revisions\/2361"}],"up":[{"embeddable":true,"href":"https:\/\/atlanticharpduo.com\/fr\/wp-json\/wp\/v2\/pages\/2351"}],"wp:attachment":[{"href":"https:\/\/atlanticharpduo.com\/fr\/wp-json\/wp\/v2\/media?parent=2360"}],"curies":[{"name":"wp","href":"https:\/\/api.w.org\/{rel}","templated":true}]}}

Musique française

<div class='one_half'>
					<p>Basé à Paris, source inépuisable d’inspiration artistique, et berceau de la harpe moderne, l’Atlantic Harp Duo a construit son premier programme autour de la musique française. Les traditions de cette musique se prêtent particulièrement bien à l’épanouissement sonore de deux harpes, avec toutes les couleurs que cette combinaison rend possible. Ce programme, qui est un mélange d’oeuvres originales pour deux harpes ainsi que de transcriptions astucieuses des grandes classiques du répertoire nationale, donne un avant-goût à l’atmosphère de la France des 19e et 20e siècles.</p>
				</div>
<div class='one_half last'>
					<img loading="lazy" class="alignnone size-full wp-image-1058" alt="french-music" src="http://www.atlanticharpduo.com/wp-content/uploads/2013/09/french-music.png" width="400" height="250" srcset="https://atlanticharpduo.com/wp-content/uploads/2013/09/french-music.png 400w, https://atlanticharpduo.com/wp-content/uploads/2013/09/french-music-300x187.png 300w" sizes="(max-width: 400px) 100vw, 400px" />
				</div><div class='clear'></div>
<h1>Programme</h1>
<h4>Bernard Andrès (b. 1941)</h4>
<ul>
<li>Le jardin des paons</li>
<li>Parvis; cortège et danse</li>
<li>Ragazza</li>
</ul>
<h4>Jean-Michel Damase (1928 &#8211; 2013)</h4>
<ul>
<li>Sonatine, pour deux harpes</li>
</ul>
<h4>Claude Debussy (1862-1918)</h4>
<ul>
<li>Six épigraphs antiques, (arr. Elisabeth Colard et l&rsquo;Atlantic Harp Duo)</li>
</ul>
<h4>César Franck (1822-1890)</h4>
<ul>
<li>Prélude, fugue et variation, Op. 18, (arr. Atlantic Harp Duo)</li>
</ul>
<h4>Anthony Girard (b. 1959)</h4>
<ul>
<li>Silences célestes</li>
</ul>
<h4>Maurice Ravel (1875-1937)</h4>
<ul>
<li>Ma mère l&rsquo;oye</li>
</ul>
<h4>Marcel Tournier (1879-1951)</h4>
<ul>
<li>Quatre préludes</li>
</ul>

<p>Programme Bernard Andrès (b. 1941) Le jardin des paons Parvis; cortège et danse Ragazza Jean-Michel Damase (1928 &#8211; 2013) Sonatine, pour deux harpes Claude Debussy (1862-1918) Six épigraphs antiques, (arr. Elisabeth Colard et l&rsquo;Atlantic Harp Duo) César Franck (1822-1890) Prélude, fugue et variation, Op. 18, (arr. Atlantic Harp Duo) Anthony Girard (b. 1959) Silences célestes [&hellip;]</p>
